{"id":1574,"date":"2020-05-28T01:22:36","date_gmt":"2020-05-27T22:22:36","guid":{"rendered":"http:\/\/odyoset.com.tr\/?page_id=1574"},"modified":"2020-05-28T01:41:19","modified_gmt":"2020-05-27T22:41:19","slug":"vizyonumuz","status":"publish","type":"page","link":"https:\/\/odyoset.com.tr\/index.php\/vizyonumuz\/","title":{"rendered":"Vizyonumuz"},"content":{"rendered":"\n<figure class=\"wp-block-image size-large\"><img decoding=\"async\" loading=\"lazy\" width=\"1024\" height=\"439\" src=\"http:\/\/odyoset.com.tr\/wp-content\/uploads\/2020\/05\/BT_Gen_HCP_Talking_Header-1-1024x439.jpg\" alt=\"\" class=\"wp-image-9\" srcset=\"https:\/\/odyoset.com.tr\/wp-content\/uploads\/2020\/05\/BT_Gen_HCP_Talking_Header-1-1024x439.jpg 1024w, https:\/\/odyoset.com.tr\/wp-content\/uploads\/2020\/05\/BT_Gen_HCP_Talking_Header-1-300x129.jpg 300w, https:\/\/odyoset.com.tr\/wp-content\/uploads\/2020\/05\/BT_Gen_HCP_Talking_Header-1-768x329.jpg 768w, https:\/\/odyoset.com.tr\/wp-content\/uploads\/2020\/05\/BT_Gen_HCP_Talking_Header-1-1536x658.jpg 1536w, https:\/\/odyoset.com.tr\/wp-content\/uploads\/2020\/05\/BT_Gen_HCP_Talking_Header-1-2048x878.jpg 2048w\" sizes=\"(max-width: 1024px) 100vw, 1024px\" \/><figcaption>Beltone generic HCP office woman clinic fitting client patient<\/figcaption><\/figure>\n\n\n\n<p>\u0130\u015fitme ve anlama temel insani ihtiya\u00e7lard\u0131r. \u0130\u015fitme problemleri ve sonucunda olu\u015fan sosyal neticeleri toplum i\u00e7in zorluk olu\u015fturmaktad\u0131r.<br>Geli\u015fmi\u015f teknoloji sayesinde, i\u015fitme sorunu olan insanlar\u0131n, k\u0131s\u0131tlama olmadan ileti\u015fim kurabilecekleri bir d\u00fcnya olaca\u011f\u0131na inan\u0131yoruz.<br>Sekt\u00f6r\u00fcn \u00f6nde gelen firmalar\u0131na hizmet vererek; b\u00fcy\u00fcme h\u0131z\u0131m\u0131z\u0131 artt\u0131rmak, \u00f6zellikle \u00e7a\u011fr\u0131 merkezlerinde ve y\u00fcksek sese maruz kalarak<br>\u00e7al\u0131\u015fan personele sahip i\u015f yerlerinde i\u015fitme testinin ne denli \u00f6nemli oldu\u011funa dikkat \u00e7ekerek ihtiyac\u0131 ortaya \u00e7\u0131karmak.<\/p>\n\n\n\n<p>\u0130leri G\u00f6r\u00fc\u015f\u00fcm\u00fcz:<br>Sa\u011fl\u0131k alan\u0131nda kaliteli hizmet y\u00f6ntemine \u00f6nder olmakt\u0131r.<\/p>\n","protected":false},"excerpt":{"rendered":"<p>\u0130\u015fitme ve anlama temel insani ihtiya\u00e7lard\u0131r. \u0130\u015fitme problemleri ve sonucunda olu\u015fan sosyal neticeleri toplum i\u00e7in zorluk olu\u015fturmaktad\u0131r.Geli\u015fmi\u015f teknoloji sayesinde, i\u015fitme sorunu olan insanlar\u0131n, k\u0131s\u0131tlama olmadan ileti\u015fim kurabilecekleri bir d\u00fcnya olaca\u011f\u0131na &#8230;<\/p>\n","protected":false},"author":1,"featured_media":0,"parent":0,"menu_order":0,"comment_status":"closed","ping_status":"closed","template":"","meta":[],"yoast_head":"<!-- This site is optimized with the Yoast SEO plugin v20.9 - https:\/\/yoast.com\/wordpress\/plugins\/seo\/ -->\n<title>Vizyonumuz |<\/title>\n<meta name=\"robots\" content=\"index, follow, max-snippet:-1, max-image-preview:large, max-video-preview:-1\" \/>\n<link rel=\"canonical\" href=\"https:\/\/odyoset.com.tr\/index.php\/vizyonumuz\/\" \/>\n<meta property=\"og:locale\" content=\"tr_TR\" \/>\n<meta property=\"og:type\" content=\"article\" \/>\n<meta property=\"og:title\" content=\"Vizyonumuz |\" \/>\n<meta property=\"og:description\" content=\"\u0130\u015fitme ve anlama temel insani ihtiya\u00e7lard\u0131r. \u0130\u015fitme problemleri ve sonucunda olu\u015fan sosyal neticeleri toplum i\u00e7in zorluk olu\u015fturmaktad\u0131r.Geli\u015fmi\u015f teknoloji sayesinde, i\u015fitme sorunu olan insanlar\u0131n, k\u0131s\u0131tlama olmadan ileti\u015fim kurabilecekleri bir d\u00fcnya olaca\u011f\u0131na ...\" \/>\n<meta property=\"og:url\" content=\"https:\/\/odyoset.com.tr\/index.php\/vizyonumuz\/\" \/>\n<meta property=\"article:publisher\" content=\"https:\/\/www.facebook.com\/people\/ODYOSET-TME-MERKEZ\/100064193582497\/?locale=th_TH\" \/>\n<meta property=\"article:modified_time\" content=\"2020-05-27T22:41:19+00:00\" \/>\n<meta property=\"og:image\" content=\"http:\/\/odyoset.com.tr\/wp-content\/uploads\/2020\/05\/BT_Gen_HCP_Talking_Header-1-1024x439.jpg\" \/>\n<meta name=\"twitter:card\" content=\"summary_large_image\" \/>\n<meta name=\"twitter:label1\" content=\"Tahmini okuma s\u00fcresi\" \/>\n\t<meta name=\"twitter:data1\" content=\"1 dakika\" \/>\n<script type=\"application\/ld+json\" class=\"yoast-schema-graph\">{\"@context\":\"https:\/\/schema.org\",\"@graph\":[{\"@type\":\"WebPage\",\"@id\":\"https:\/\/odyoset.com.tr\/index.php\/vizyonumuz\/\",\"url\":\"https:\/\/odyoset.com.tr\/index.php\/vizyonumuz\/\",\"name\":\"Vizyonumuz |\",\"isPartOf\":{\"@id\":\"https:\/\/odyoset.com.tr\/#website\"},\"datePublished\":\"2020-05-27T22:22:36+00:00\",\"dateModified\":\"2020-05-27T22:41:19+00:00\",\"breadcrumb\":{\"@id\":\"https:\/\/odyoset.com.tr\/index.php\/vizyonumuz\/#breadcrumb\"},\"inLanguage\":\"tr\",\"potentialAction\":[{\"@type\":\"ReadAction\",\"target\":[\"https:\/\/odyoset.com.tr\/index.php\/vizyonumuz\/\"]}]},{\"@type\":\"BreadcrumbList\",\"@id\":\"https:\/\/odyoset.com.tr\/index.php\/vizyonumuz\/#breadcrumb\",\"itemListElement\":[{\"@type\":\"ListItem\",\"position\":1,\"name\":\"Ana sayfa\",\"item\":\"https:\/\/odyoset.com.tr\/\"},{\"@type\":\"ListItem\",\"position\":2,\"name\":\"Vizyonumuz\"}]},{\"@type\":\"WebSite\",\"@id\":\"https:\/\/odyoset.com.tr\/#website\",\"url\":\"https:\/\/odyoset.com.tr\/\",\"name\":\"Odyoset \u0130\u015fitme Cihazlar\u0131 Merkezi\",\"description\":\"\",\"publisher\":{\"@id\":\"https:\/\/odyoset.com.tr\/#organization\"},\"potentialAction\":[{\"@type\":\"SearchAction\",\"target\":{\"@type\":\"EntryPoint\",\"urlTemplate\":\"https:\/\/odyoset.com.tr\/?s={search_term_string}\"},\"query-input\":\"required name=search_term_string\"}],\"inLanguage\":\"tr\"},{\"@type\":\"Organization\",\"@id\":\"https:\/\/odyoset.com.tr\/#organization\",\"name\":\"Odyoset \u0130\u015fitme Cihazlar\u0131 ve Rehabilitasyon E\u011fitim\",\"url\":\"https:\/\/odyoset.com.tr\/\",\"logo\":{\"@type\":\"ImageObject\",\"inLanguage\":\"tr\",\"@id\":\"https:\/\/odyoset.com.tr\/#\/schema\/logo\/image\/\",\"url\":\"https:\/\/odyoset.com.tr\/wp-content\/uploads\/2020\/05\/logo-odyoset.png\",\"contentUrl\":\"https:\/\/odyoset.com.tr\/wp-content\/uploads\/2020\/05\/logo-odyoset.png\",\"width\":250,\"height\":73,\"caption\":\"Odyoset \u0130\u015fitme Cihazlar\u0131 ve Rehabilitasyon E\u011fitim\"},\"image\":{\"@id\":\"https:\/\/odyoset.com.tr\/#\/schema\/logo\/image\/\"},\"sameAs\":[\"https:\/\/www.facebook.com\/people\/ODYOSET-TME-MERKEZ\/100064193582497\/?locale=th_TH\"]}]}<\/script>\n<!-- \/ Yoast SEO plugin. -->","yoast_head_json":{"title":"Vizyonumuz |","robots":{"index":"index","follow":"follow","max-snippet":"max-snippet:-1","max-image-preview":"max-image-preview:large","max-video-preview":"max-video-preview:-1"},"canonical":"https:\/\/odyoset.com.tr\/index.php\/vizyonumuz\/","og_locale":"tr_TR","og_type":"article","og_title":"Vizyonumuz |","og_description":"\u0130\u015fitme ve anlama temel insani ihtiya\u00e7lard\u0131r. \u0130\u015fitme problemleri ve sonucunda olu\u015fan sosyal neticeleri toplum i\u00e7in zorluk olu\u015fturmaktad\u0131r.Geli\u015fmi\u015f teknoloji sayesinde, i\u015fitme sorunu olan insanlar\u0131n, k\u0131s\u0131tlama olmadan ileti\u015fim kurabilecekleri bir d\u00fcnya olaca\u011f\u0131na ...","og_url":"https:\/\/odyoset.com.tr\/index.php\/vizyonumuz\/","article_publisher":"https:\/\/www.facebook.com\/people\/ODYOSET-TME-MERKEZ\/100064193582497\/?locale=th_TH","article_modified_time":"2020-05-27T22:41:19+00:00","og_image":[{"url":"http:\/\/odyoset.com.tr\/wp-content\/uploads\/2020\/05\/BT_Gen_HCP_Talking_Header-1-1024x439.jpg"}],"twitter_card":"summary_large_image","twitter_misc":{"Tahmini okuma s\u00fcresi":"1 dakika"},"schema":{"@context":"https:\/\/schema.org","@graph":[{"@type":"WebPage","@id":"https:\/\/odyoset.com.tr\/index.php\/vizyonumuz\/","url":"https:\/\/odyoset.com.tr\/index.php\/vizyonumuz\/","name":"Vizyonumuz |","isPartOf":{"@id":"https:\/\/odyoset.com.tr\/#website"},"datePublished":"2020-05-27T22:22:36+00:00","dateModified":"2020-05-27T22:41:19+00:00","breadcrumb":{"@id":"https:\/\/odyoset.com.tr\/index.php\/vizyonumuz\/#breadcrumb"},"inLanguage":"tr","potentialAction":[{"@type":"ReadAction","target":["https:\/\/odyoset.com.tr\/index.php\/vizyonumuz\/"]}]},{"@type":"BreadcrumbList","@id":"https:\/\/odyoset.com.tr\/index.php\/vizyonumuz\/#breadcrumb","itemListElement":[{"@type":"ListItem","position":1,"name":"Ana sayfa","item":"https:\/\/odyoset.com.tr\/"},{"@type":"ListItem","position":2,"name":"Vizyonumuz"}]},{"@type":"WebSite","@id":"https:\/\/odyoset.com.tr\/#website","url":"https:\/\/odyoset.com.tr\/","name":"Odyoset \u0130\u015fitme Cihazlar\u0131 Merkezi","description":"","publisher":{"@id":"https:\/\/odyoset.com.tr\/#organization"},"potentialAction":[{"@type":"SearchAction","target":{"@type":"EntryPoint","urlTemplate":"https:\/\/odyoset.com.tr\/?s={search_term_string}"},"query-input":"required name=search_term_string"}],"inLanguage":"tr"},{"@type":"Organization","@id":"https:\/\/odyoset.com.tr\/#organization","name":"Odyoset \u0130\u015fitme Cihazlar\u0131 ve Rehabilitasyon E\u011fitim","url":"https:\/\/odyoset.com.tr\/","logo":{"@type":"ImageObject","inLanguage":"tr","@id":"https:\/\/odyoset.com.tr\/#\/schema\/logo\/image\/","url":"https:\/\/odyoset.com.tr\/wp-content\/uploads\/2020\/05\/logo-odyoset.png","contentUrl":"https:\/\/odyoset.com.tr\/wp-content\/uploads\/2020\/05\/logo-odyoset.png","width":250,"height":73,"caption":"Odyoset \u0130\u015fitme Cihazlar\u0131 ve Rehabilitasyon E\u011fitim"},"image":{"@id":"https:\/\/odyoset.com.tr\/#\/schema\/logo\/image\/"},"sameAs":["https:\/\/www.facebook.com\/people\/ODYOSET-TME-MERKEZ\/100064193582497\/?locale=th_TH"]}]}},"_links":{"self":[{"href":"https:\/\/odyoset.com.tr\/index.php\/wp-json\/wp\/v2\/pages\/1574"}],"collection":[{"href":"https:\/\/odyoset.com.tr\/index.php\/wp-json\/wp\/v2\/pages"}],"about":[{"href":"https:\/\/odyoset.com.tr\/index.php\/wp-json\/wp\/v2\/types\/page"}],"author":[{"embeddable":true,"href":"https:\/\/odyoset.com.tr\/index.php\/wp-json\/wp\/v2\/users\/1"}],"replies":[{"embeddable":true,"href":"https:\/\/odyoset.com.tr\/index.php\/wp-json\/wp\/v2\/comments?post=1574"}],"version-history":[{"count":2,"href":"https:\/\/odyoset.com.tr\/index.php\/wp-json\/wp\/v2\/pages\/1574\/revisions"}],"predecessor-version":[{"id":1591,"href":"https:\/\/odyoset.com.tr\/index.php\/wp-json\/wp\/v2\/pages\/1574\/revisions\/1591"}],"wp:attachment":[{"href":"https:\/\/odyoset.com.tr\/index.php\/wp-json\/wp\/v2\/media?parent=1574"}],"curies":[{"name":"wp","href":"https:\/\/api.w.org\/{rel}","templated":true}]}}