{"id":1573,"date":"2020-05-28T01:22:36","date_gmt":"2020-05-27T22:22:36","guid":{"rendered":"http:\/\/odyoset.com.tr\/?page_id=1573"},"modified":"2020-05-28T01:42:05","modified_gmt":"2020-05-27T22:42:05","slug":"misyonumuz","status":"publish","type":"page","link":"https:\/\/odyoset.com.tr\/index.php\/misyonumuz\/","title":{"rendered":"Misyonumuz"},"content":{"rendered":"\n<figure class=\"wp-block-image size-large\"><img decoding=\"async\" loading=\"lazy\" width=\"1024\" height=\"439\" src=\"http:\/\/odyoset.com.tr\/wp-content\/uploads\/2020\/05\/BT_Gen_HCP_Talking_Header-2-1024x439.jpg\" alt=\"\" class=\"wp-image-12\" srcset=\"https:\/\/odyoset.com.tr\/wp-content\/uploads\/2020\/05\/BT_Gen_HCP_Talking_Header-2-1024x439.jpg 1024w, https:\/\/odyoset.com.tr\/wp-content\/uploads\/2020\/05\/BT_Gen_HCP_Talking_Header-2-300x129.jpg 300w, https:\/\/odyoset.com.tr\/wp-content\/uploads\/2020\/05\/BT_Gen_HCP_Talking_Header-2-768x329.jpg 768w, https:\/\/odyoset.com.tr\/wp-content\/uploads\/2020\/05\/BT_Gen_HCP_Talking_Header-2-1536x658.jpg 1536w, https:\/\/odyoset.com.tr\/wp-content\/uploads\/2020\/05\/BT_Gen_HCP_Talking_Header-2-2048x878.jpg 2048w\" sizes=\"(max-width: 1024px) 100vw, 1024px\" \/><figcaption>Beltone generic HCP office woman clinic fitting client patient<\/figcaption><\/figure>\n\n\n\n<p>Odyoset olarak, m\u00fc\u015fterilerimizin ger\u00e7ek ve canl\u0131 i\u015fitme deneyiminin keyfini \u00e7\u0131karmalar\u0131n\u0131 sa\u011flayan kaliteli i\u015fitme sistemlerini geli\u015ftirmek ve pazarlamak i\u00e7in heyecan\u0131m\u0131z\u0131 daima korumaktay\u0131z. D\u00fcnya \u00e7ap\u0131nda m\u00fc\u015fterilerimiz, partnerlerimiz ve \u00e7al\u0131\u015fanlar\u0131m\u0131zla uzun d\u00f6nem i\u015fbirlir\u011fimiz, g\u00fc\u00e7l\u00fc firmam\u0131z\u0131n, s\u00fcrekli b\u00fcy\u00fcmemizin ve i\u015f ba\u015far\u0131lar\u0131m\u0131z\u0131n temelini olu\u015fturmaktad\u0131r.<\/p>\n\n\n\n<p>Globalle\u015fen d\u00fcnyada ya\u015fanan de\u011fi\u015fimler ve geli\u015fmeler paralelinde i\u015fimizin sa\u011fl\u0131k oldu\u011funu unutmadan topluma, \u00e7evreye ve m\u00fc\u015fterilerimize kar\u015f\u0131 sorumluluklar\u0131m\u0131z\u0131 yerine getirmek.<br>\u0130nsan odakl\u0131, topluma ve \u00e7evreye duyarl\u0131, i\u015fitme sekt\u00f6r\u00fcndeki d\u00fcnya standartlar\u0131n\u0131n da \u00fczerinde yakla\u015f\u0131mla, kullan\u0131c\u0131lar\u0131n\u0131n hayat\u0131 duymalar\u0131n\u0131 sa\u011flayarak ya\u015fam kalitesini ileriye ta\u015f\u0131mada \u00f6nc\u00fc rol \u00fcstlenmek; \u00e7al\u0131\u015fanlar\u0131na ve i\u015f ortaklar\u0131na uzun \u00f6m\u00fcrl\u00fc, tatmin edici sosyal ve ekonomik getiriyi sa\u011flamak.<\/p>\n\n\n\n<p>\u00d6z G\u00f6revimiz:<br>Kaliteli sa\u011fl\u0131k hizmet i\u00e7in gerekli \u015fartlar\u0131 sa\u011flamak ve s\u00fcrd\u00fcrmektir.<\/p>\n","protected":false},"excerpt":{"rendered":"<p>Odyoset olarak, m\u00fc\u015fterilerimizin ger\u00e7ek ve canl\u0131 i\u015fitme deneyiminin keyfini \u00e7\u0131karmalar\u0131n\u0131 sa\u011flayan kaliteli i\u015fitme sistemlerini geli\u015ftirmek ve pazarlamak i\u00e7in heyecan\u0131m\u0131z\u0131 daima korumaktay\u0131z. D\u00fcnya \u00e7ap\u0131nda m\u00fc\u015fterilerimiz, partnerlerimiz ve \u00e7al\u0131\u015fanlar\u0131m\u0131zla uzun d\u00f6nem i\u015fbirlir\u011fimiz, &#8230;<\/p>\n","protected":false},"author":1,"featured_media":0,"parent":0,"menu_order":0,"comment_status":"closed","ping_status":"closed","template":"","meta":[],"yoast_head":"<!-- This site is optimized with the Yoast SEO plugin v20.9 - https:\/\/yoast.com\/wordpress\/plugins\/seo\/ -->\n<title>Misyonumuz |<\/title>\n<meta name=\"robots\" content=\"index, follow, max-snippet:-1, max-image-preview:large, max-video-preview:-1\" \/>\n<link rel=\"canonical\" href=\"https:\/\/odyoset.com.tr\/index.php\/misyonumuz\/\" \/>\n<meta property=\"og:locale\" content=\"tr_TR\" \/>\n<meta property=\"og:type\" content=\"article\" \/>\n<meta property=\"og:title\" content=\"Misyonumuz |\" \/>\n<meta property=\"og:description\" content=\"Odyoset olarak, m\u00fc\u015fterilerimizin ger\u00e7ek ve canl\u0131 i\u015fitme deneyiminin keyfini \u00e7\u0131karmalar\u0131n\u0131 sa\u011flayan kaliteli i\u015fitme sistemlerini geli\u015ftirmek ve pazarlamak i\u00e7in heyecan\u0131m\u0131z\u0131 daima korumaktay\u0131z. D\u00fcnya \u00e7ap\u0131nda m\u00fc\u015fterilerimiz, partnerlerimiz ve \u00e7al\u0131\u015fanlar\u0131m\u0131zla uzun d\u00f6nem i\u015fbirlir\u011fimiz, ...\" \/>\n<meta property=\"og:url\" content=\"https:\/\/odyoset.com.tr\/index.php\/misyonumuz\/\" \/>\n<meta property=\"article:publisher\" content=\"https:\/\/www.facebook.com\/people\/ODYOSET-TME-MERKEZ\/100064193582497\/?locale=th_TH\" \/>\n<meta property=\"article:modified_time\" content=\"2020-05-27T22:42:05+00:00\" \/>\n<meta property=\"og:image\" content=\"http:\/\/odyoset.com.tr\/wp-content\/uploads\/2020\/05\/BT_Gen_HCP_Talking_Header-2-1024x439.jpg\" \/>\n<meta name=\"twitter:card\" content=\"summary_large_image\" \/>\n<meta name=\"twitter:label1\" content=\"Tahmini okuma s\u00fcresi\" \/>\n\t<meta name=\"twitter:data1\" content=\"1 dakika\" \/>\n<script type=\"application\/ld+json\" class=\"yoast-schema-graph\">{\"@context\":\"https:\/\/schema.org\",\"@graph\":[{\"@type\":\"WebPage\",\"@id\":\"https:\/\/odyoset.com.tr\/index.php\/misyonumuz\/\",\"url\":\"https:\/\/odyoset.com.tr\/index.php\/misyonumuz\/\",\"name\":\"Misyonumuz |\",\"isPartOf\":{\"@id\":\"https:\/\/odyoset.com.tr\/#website\"},\"datePublished\":\"2020-05-27T22:22:36+00:00\",\"dateModified\":\"2020-05-27T22:42:05+00:00\",\"breadcrumb\":{\"@id\":\"https:\/\/odyoset.com.tr\/index.php\/misyonumuz\/#breadcrumb\"},\"inLanguage\":\"tr\",\"potentialAction\":[{\"@type\":\"ReadAction\",\"target\":[\"https:\/\/odyoset.com.tr\/index.php\/misyonumuz\/\"]}]},{\"@type\":\"BreadcrumbList\",\"@id\":\"https:\/\/odyoset.com.tr\/index.php\/misyonumuz\/#breadcrumb\",\"itemListElement\":[{\"@type\":\"ListItem\",\"position\":1,\"name\":\"Ana sayfa\",\"item\":\"https:\/\/odyoset.com.tr\/\"},{\"@type\":\"ListItem\",\"position\":2,\"name\":\"Misyonumuz\"}]},{\"@type\":\"WebSite\",\"@id\":\"https:\/\/odyoset.com.tr\/#website\",\"url\":\"https:\/\/odyoset.com.tr\/\",\"name\":\"Odyoset \u0130\u015fitme Cihazlar\u0131 Merkezi\",\"description\":\"\",\"publisher\":{\"@id\":\"https:\/\/odyoset.com.tr\/#organization\"},\"potentialAction\":[{\"@type\":\"SearchAction\",\"target\":{\"@type\":\"EntryPoint\",\"urlTemplate\":\"https:\/\/odyoset.com.tr\/?s={search_term_string}\"},\"query-input\":\"required name=search_term_string\"}],\"inLanguage\":\"tr\"},{\"@type\":\"Organization\",\"@id\":\"https:\/\/odyoset.com.tr\/#organization\",\"name\":\"Odyoset \u0130\u015fitme Cihazlar\u0131 ve Rehabilitasyon E\u011fitim\",\"url\":\"https:\/\/odyoset.com.tr\/\",\"logo\":{\"@type\":\"ImageObject\",\"inLanguage\":\"tr\",\"@id\":\"https:\/\/odyoset.com.tr\/#\/schema\/logo\/image\/\",\"url\":\"https:\/\/odyoset.com.tr\/wp-content\/uploads\/2020\/05\/logo-odyoset.png\",\"contentUrl\":\"https:\/\/odyoset.com.tr\/wp-content\/uploads\/2020\/05\/logo-odyoset.png\",\"width\":250,\"height\":73,\"caption\":\"Odyoset \u0130\u015fitme Cihazlar\u0131 ve Rehabilitasyon E\u011fitim\"},\"image\":{\"@id\":\"https:\/\/odyoset.com.tr\/#\/schema\/logo\/image\/\"},\"sameAs\":[\"https:\/\/www.facebook.com\/people\/ODYOSET-TME-MERKEZ\/100064193582497\/?locale=th_TH\"]}]}<\/script>\n<!-- \/ Yoast SEO plugin. -->","yoast_head_json":{"title":"Misyonumuz |","robots":{"index":"index","follow":"follow","max-snippet":"max-snippet:-1","max-image-preview":"max-image-preview:large","max-video-preview":"max-video-preview:-1"},"canonical":"https:\/\/odyoset.com.tr\/index.php\/misyonumuz\/","og_locale":"tr_TR","og_type":"article","og_title":"Misyonumuz |","og_description":"Odyoset olarak, m\u00fc\u015fterilerimizin ger\u00e7ek ve canl\u0131 i\u015fitme deneyiminin keyfini \u00e7\u0131karmalar\u0131n\u0131 sa\u011flayan kaliteli i\u015fitme sistemlerini geli\u015ftirmek ve pazarlamak i\u00e7in heyecan\u0131m\u0131z\u0131 daima korumaktay\u0131z. D\u00fcnya \u00e7ap\u0131nda m\u00fc\u015fterilerimiz, partnerlerimiz ve \u00e7al\u0131\u015fanlar\u0131m\u0131zla uzun d\u00f6nem i\u015fbirlir\u011fimiz, ...","og_url":"https:\/\/odyoset.com.tr\/index.php\/misyonumuz\/","article_publisher":"https:\/\/www.facebook.com\/people\/ODYOSET-TME-MERKEZ\/100064193582497\/?locale=th_TH","article_modified_time":"2020-05-27T22:42:05+00:00","og_image":[{"url":"http:\/\/odyoset.com.tr\/wp-content\/uploads\/2020\/05\/BT_Gen_HCP_Talking_Header-2-1024x439.jpg"}],"twitter_card":"summary_large_image","twitter_misc":{"Tahmini okuma s\u00fcresi":"1 dakika"},"schema":{"@context":"https:\/\/schema.org","@graph":[{"@type":"WebPage","@id":"https:\/\/odyoset.com.tr\/index.php\/misyonumuz\/","url":"https:\/\/odyoset.com.tr\/index.php\/misyonumuz\/","name":"Misyonumuz |","isPartOf":{"@id":"https:\/\/odyoset.com.tr\/#website"},"datePublished":"2020-05-27T22:22:36+00:00","dateModified":"2020-05-27T22:42:05+00:00","breadcrumb":{"@id":"https:\/\/odyoset.com.tr\/index.php\/misyonumuz\/#breadcrumb"},"inLanguage":"tr","potentialAction":[{"@type":"ReadAction","target":["https:\/\/odyoset.com.tr\/index.php\/misyonumuz\/"]}]},{"@type":"BreadcrumbList","@id":"https:\/\/odyoset.com.tr\/index.php\/misyonumuz\/#breadcrumb","itemListElement":[{"@type":"ListItem","position":1,"name":"Ana sayfa","item":"https:\/\/odyoset.com.tr\/"},{"@type":"ListItem","position":2,"name":"Misyonumuz"}]},{"@type":"WebSite","@id":"https:\/\/odyoset.com.tr\/#website","url":"https:\/\/odyoset.com.tr\/","name":"Odyoset \u0130\u015fitme Cihazlar\u0131 Merkezi","description":"","publisher":{"@id":"https:\/\/odyoset.com.tr\/#organization"},"potentialAction":[{"@type":"SearchAction","target":{"@type":"EntryPoint","urlTemplate":"https:\/\/odyoset.com.tr\/?s={search_term_string}"},"query-input":"required name=search_term_string"}],"inLanguage":"tr"},{"@type":"Organization","@id":"https:\/\/odyoset.com.tr\/#organization","name":"Odyoset \u0130\u015fitme Cihazlar\u0131 ve Rehabilitasyon E\u011fitim","url":"https:\/\/odyoset.com.tr\/","logo":{"@type":"ImageObject","inLanguage":"tr","@id":"https:\/\/odyoset.com.tr\/#\/schema\/logo\/image\/","url":"https:\/\/odyoset.com.tr\/wp-content\/uploads\/2020\/05\/logo-odyoset.png","contentUrl":"https:\/\/odyoset.com.tr\/wp-content\/uploads\/2020\/05\/logo-odyoset.png","width":250,"height":73,"caption":"Odyoset \u0130\u015fitme Cihazlar\u0131 ve Rehabilitasyon E\u011fitim"},"image":{"@id":"https:\/\/odyoset.com.tr\/#\/schema\/logo\/image\/"},"sameAs":["https:\/\/www.facebook.com\/people\/ODYOSET-TME-MERKEZ\/100064193582497\/?locale=th_TH"]}]}},"_links":{"self":[{"href":"https:\/\/odyoset.com.tr\/index.php\/wp-json\/wp\/v2\/pages\/1573"}],"collection":[{"href":"https:\/\/odyoset.com.tr\/index.php\/wp-json\/wp\/v2\/pages"}],"about":[{"href":"https:\/\/odyoset.com.tr\/index.php\/wp-json\/wp\/v2\/types\/page"}],"author":[{"embeddable":true,"href":"https:\/\/odyoset.com.tr\/index.php\/wp-json\/wp\/v2\/users\/1"}],"replies":[{"embeddable":true,"href":"https:\/\/odyoset.com.tr\/index.php\/wp-json\/wp\/v2\/comments?post=1573"}],"version-history":[{"count":3,"href":"https:\/\/odyoset.com.tr\/index.php\/wp-json\/wp\/v2\/pages\/1573\/revisions"}],"predecessor-version":[{"id":1590,"href":"https:\/\/odyoset.com.tr\/index.php\/wp-json\/wp\/v2\/pages\/1573\/revisions\/1590"}],"wp:attachment":[{"href":"https:\/\/odyoset.com.tr\/index.php\/wp-json\/wp\/v2\/media?parent=1573"}],"curies":[{"name":"wp","href":"https:\/\/api.w.org\/{rel}","templated":true}]}}